{"id":673,"date":"2015-11-25T10:17:44","date_gmt":"2015-11-25T10:17:44","guid":{"rendered":"https:\/\/villapetar.com\/galeria\/"},"modified":"2026-07-11T14:08:51","modified_gmt":"2026-07-11T12:08:51","slug":"gallery","status":"publish","type":"page","link":"https:\/\/villapetar.com\/en\/gallery\/","title":{"rendered":"Gallery"},"content":{"rendered":"","protected":false},"excerpt":{"rendered":"","protected":false},"author":2,"featured_media":0,"parent":0,"menu_order":0,"comment_status":"closed","ping_status":"closed","template":"","meta":[],"yoast_head":"<!-- This site is optimized with the Yoast SEO plugin v20.5 - https:\/\/yoast.com\/wordpress\/plugins\/seo\/ -->\n<title>Gallery | Villa Petar Makarska<\/title>\n<meta name=\"description\" content=\"Fotogal\u00e9ria n\u00e1\u0161ho ubytovania, interi\u00e9r i exteri\u00e9r penzi\u00f3nu, centrum a pl\u00e1\u017ee mesta Makarska, o\u010daruj\u00face okolie.\" \/>\n<meta name=\"robots\" content=\"index, follow, max-snippet:-1, max-image-preview:large, max-video-preview:-1\" \/>\n<link rel=\"canonical\" href=\"https:\/\/villapetar.com\/galeria\/\" \/>\n<meta property=\"og:locale\" content=\"en_US\" \/>\n<meta property=\"og:type\" content=\"article\" \/>\n<meta property=\"og:title\" content=\"Gallery | Villa Petar Makarska\" \/>\n<meta property=\"og:description\" content=\"Fotogal\u00e9ria n\u00e1\u0161ho ubytovania, interi\u00e9r i exteri\u00e9r penzi\u00f3nu, centrum a pl\u00e1\u017ee mesta Makarska, o\u010daruj\u00face okolie.\" \/>\n<meta property=\"og:url\" content=\"https:\/\/villapetar.com\/galeria\/\" \/>\n<meta property=\"og:site_name\" content=\"Villa Petar Makarska\" \/>\n<meta property=\"article:publisher\" content=\"https:\/\/www.facebook.com\/VillaPetarMakarska\" \/>\n<meta property=\"article:modified_time\" content=\"2026-07-11T12:08:51+00:00\" \/>\n<meta name=\"twitter:card\" content=\"summary_large_image\" \/>\n<script type=\"application\/ld+json\" class=\"yoast-schema-graph\">{\"@context\":\"https:\/\/schema.org\",\"@graph\":[{\"@type\":\"WebPage\",\"@id\":\"https:\/\/villapetar.com\/galeria\/\",\"url\":\"https:\/\/villapetar.com\/galeria\/\",\"name\":\"Gallery | Villa Petar Makarska\",\"isPartOf\":{\"@id\":\"https:\/\/villapetar.com\/#website\"},\"datePublished\":\"2015-11-25T10:17:44+00:00\",\"dateModified\":\"2026-07-11T12:08:51+00:00\",\"description\":\"Fotogal\u00e9ria n\u00e1\u0161ho ubytovania, interi\u00e9r i exteri\u00e9r penzi\u00f3nu, centrum a pl\u00e1\u017ee mesta Makarska, o\u010daruj\u00face okolie.\",\"breadcrumb\":{\"@id\":\"https:\/\/villapetar.com\/galeria\/#breadcrumb\"},\"inLanguage\":\"en-US\",\"potentialAction\":[{\"@type\":\"ReadAction\",\"target\":[\"https:\/\/villapetar.com\/galeria\/\"]}]},{\"@type\":\"BreadcrumbList\",\"@id\":\"https:\/\/villapetar.com\/galeria\/#breadcrumb\",\"itemListElement\":[{\"@type\":\"ListItem\",\"position\":1,\"name\":\"Home\",\"item\":\"https:\/\/villapetar.com\/en\/\"},{\"@type\":\"ListItem\",\"position\":2,\"name\":\"Gallery\"}]},{\"@type\":\"WebSite\",\"@id\":\"https:\/\/villapetar.com\/#website\",\"url\":\"https:\/\/villapetar.com\/\",\"name\":\"Villa Petar Makarska\",\"description\":\"\",\"publisher\":{\"@id\":\"https:\/\/villapetar.com\/#organization\"},\"potentialAction\":[{\"@type\":\"SearchAction\",\"target\":{\"@type\":\"EntryPoint\",\"urlTemplate\":\"https:\/\/villapetar.com\/?s={search_term_string}\"},\"query-input\":\"required name=search_term_string\"}],\"inLanguage\":\"en-US\"},{\"@type\":\"Organization\",\"@id\":\"https:\/\/villapetar.com\/#organization\",\"name\":\"Villa Petar Makarska\",\"url\":\"https:\/\/villapetar.com\/\",\"logo\":{\"@type\":\"ImageObject\",\"inLanguage\":\"en-US\",\"@id\":\"https:\/\/villapetar.com\/#\/schema\/logo\/image\/\",\"url\":\"https:\/\/villapetar.com\/wp-content\/uploads\/2023\/01\/footer_logo.svg\",\"contentUrl\":\"https:\/\/villapetar.com\/wp-content\/uploads\/2023\/01\/footer_logo.svg\",\"caption\":\"Villa Petar Makarska\"},\"image\":{\"@id\":\"https:\/\/villapetar.com\/#\/schema\/logo\/image\/\"},\"sameAs\":[\"https:\/\/www.facebook.com\/VillaPetarMakarska\"]}]}<\/script>\n<!-- \/ Yoast SEO plugin. -->","yoast_head_json":{"title":"Gallery | Villa Petar Makarska","description":"Fotogal\u00e9ria n\u00e1\u0161ho ubytovania, interi\u00e9r i exteri\u00e9r penzi\u00f3nu, centrum a pl\u00e1\u017ee mesta Makarska, o\u010daruj\u00face okolie.","robots":{"index":"index","follow":"follow","max-snippet":"max-snippet:-1","max-image-preview":"max-image-preview:large","max-video-preview":"max-video-preview:-1"},"canonical":"https:\/\/villapetar.com\/galeria\/","og_locale":"en_US","og_type":"article","og_title":"Gallery | Villa Petar Makarska","og_description":"Fotogal\u00e9ria n\u00e1\u0161ho ubytovania, interi\u00e9r i exteri\u00e9r penzi\u00f3nu, centrum a pl\u00e1\u017ee mesta Makarska, o\u010daruj\u00face okolie.","og_url":"https:\/\/villapetar.com\/galeria\/","og_site_name":"Villa Petar Makarska","article_publisher":"https:\/\/www.facebook.com\/VillaPetarMakarska","article_modified_time":"2026-07-11T12:08:51+00:00","twitter_card":"summary_large_image","schema":{"@context":"https:\/\/schema.org","@graph":[{"@type":"WebPage","@id":"https:\/\/villapetar.com\/galeria\/","url":"https:\/\/villapetar.com\/galeria\/","name":"Gallery | Villa Petar Makarska","isPartOf":{"@id":"https:\/\/villapetar.com\/#website"},"datePublished":"2015-11-25T10:17:44+00:00","dateModified":"2026-07-11T12:08:51+00:00","description":"Fotogal\u00e9ria n\u00e1\u0161ho ubytovania, interi\u00e9r i exteri\u00e9r penzi\u00f3nu, centrum a pl\u00e1\u017ee mesta Makarska, o\u010daruj\u00face okolie.","breadcrumb":{"@id":"https:\/\/villapetar.com\/galeria\/#breadcrumb"},"inLanguage":"en-US","potentialAction":[{"@type":"ReadAction","target":["https:\/\/villapetar.com\/galeria\/"]}]},{"@type":"BreadcrumbList","@id":"https:\/\/villapetar.com\/galeria\/#breadcrumb","itemListElement":[{"@type":"ListItem","position":1,"name":"Home","item":"https:\/\/villapetar.com\/en\/"},{"@type":"ListItem","position":2,"name":"Gallery"}]},{"@type":"WebSite","@id":"https:\/\/villapetar.com\/#website","url":"https:\/\/villapetar.com\/","name":"Villa Petar Makarska","description":"","publisher":{"@id":"https:\/\/villapetar.com\/#organization"},"potentialAction":[{"@type":"SearchAction","target":{"@type":"EntryPoint","urlTemplate":"https:\/\/villapetar.com\/?s={search_term_string}"},"query-input":"required name=search_term_string"}],"inLanguage":"en-US"},{"@type":"Organization","@id":"https:\/\/villapetar.com\/#organization","name":"Villa Petar Makarska","url":"https:\/\/villapetar.com\/","logo":{"@type":"ImageObject","inLanguage":"en-US","@id":"https:\/\/villapetar.com\/#\/schema\/logo\/image\/","url":"https:\/\/villapetar.com\/wp-content\/uploads\/2023\/01\/footer_logo.svg","contentUrl":"https:\/\/villapetar.com\/wp-content\/uploads\/2023\/01\/footer_logo.svg","caption":"Villa Petar Makarska"},"image":{"@id":"https:\/\/villapetar.com\/#\/schema\/logo\/image\/"},"sameAs":["https:\/\/www.facebook.com\/VillaPetarMakarska"]}]}},"_links":{"self":[{"href":"https:\/\/villapetar.com\/en\/wp-json\/wp\/v2\/pages\/673"}],"collection":[{"href":"https:\/\/villapetar.com\/en\/wp-json\/wp\/v2\/pages"}],"about":[{"href":"https:\/\/villapetar.com\/en\/wp-json\/wp\/v2\/types\/page"}],"author":[{"embeddable":true,"href":"https:\/\/villapetar.com\/en\/wp-json\/wp\/v2\/users\/2"}],"replies":[{"embeddable":true,"href":"https:\/\/villapetar.com\/en\/wp-json\/wp\/v2\/comments?post=673"}],"version-history":[{"count":1,"href":"https:\/\/villapetar.com\/en\/wp-json\/wp\/v2\/pages\/673\/revisions"}],"predecessor-version":[{"id":682,"href":"https:\/\/villapetar.com\/en\/wp-json\/wp\/v2\/pages\/673\/revisions\/682"}],"wp:attachment":[{"href":"https:\/\/villapetar.com\/en\/wp-json\/wp\/v2\/media?parent=673"}],"curies":[{"name":"wp","href":"https:\/\/api.w.org\/{rel}","templated":true}]}}

<!-- This site is optimized with the Yoast SEO plugin v20.5 - https://yoast.com/wordpress/plugins/seo/ -->
<title>Gallery | Villa Petar Makarska</title>
<meta name="description" content="Fotogaléria nášho ubytovania, interiér i exteriér penziónu, centrum a pláže mesta Makarska, očarujúce okolie." />
<meta name="robots" content="index, follow, max-snippet:-1, max-image-preview:large, max-video-preview:-1" />
<link rel="canonical" href="https://villapetar.com/galeria/" />
<meta property="og:locale" content="en_US" />
<meta property="og:type" content="article" />
<meta property="og:title" content="Gallery | Villa Petar Makarska" />
<meta property="og:description" content="Fotogaléria nášho ubytovania, interiér i exteriér penziónu, centrum a pláže mesta Makarska, očarujúce okolie." />
<meta property="og:url" content="https://villapetar.com/galeria/" />
<meta property="og:site_name" content="Villa Petar Makarska" />
<meta property="article:publisher" content="https://www.facebook.com/VillaPetarMakarska" />
<meta property="article:modified_time" content="2026-07-11T12:08:51+00:00" />
<meta name="twitter:card" content="summary_large_image" />
<script type="application/ld+json" class="yoast-schema-graph">{"@context":"https://schema.org","@graph":[{"@type":"WebPage","@id":"https://villapetar.com/galeria/","url":"https://villapetar.com/galeria/","name":"Gallery | Villa Petar Makarska","isPartOf":{"@id":"https://villapetar.com/#website"},"datePublished":"2015-11-25T10:17:44+00:00","dateModified":"2026-07-11T12:08:51+00:00","description":"Fotogaléria nášho ubytovania, interiér i exteriér penziónu, centrum a pláže mesta Makarska, očarujúce okolie.","breadcrumb":{"@id":"https://villapetar.com/galeria/#breadcrumb"},"inLanguage":"en-US","potentialAction":[{"@type":"ReadAction","target":["https://villapetar.com/galeria/"]}]},{"@type":"BreadcrumbList","@id":"https://villapetar.com/galeria/#breadcrumb","itemListElement":[{"@type":"ListItem","position":1,"name":"Home","item":"https://villapetar.com/en/"},{"@type":"ListItem","position":2,"name":"Gallery"}]},{"@type":"WebSite","@id":"https://villapetar.com/#website","url":"https://villapetar.com/","name":"Villa Petar Makarska","description":"","publisher":{"@id":"https://villapetar.com/#organization"},"potentialAction":[{"@type":"SearchAction","target":{"@type":"EntryPoint","urlTemplate":"https://villapetar.com/?s={search_term_string}"},"query-input":"required name=search_term_string"}],"inLanguage":"en-US"},{"@type":"Organization","@id":"https://villapetar.com/#organization","name":"Villa Petar Makarska","url":"https://villapetar.com/","logo":{"@type":"ImageObject","inLanguage":"en-US","@id":"https://villapetar.com/#/schema/logo/image/","url":"https://villapetar.com/wp-content/uploads/2023/01/footer_logo.svg","contentUrl":"https://villapetar.com/wp-content/uploads/2023/01/footer_logo.svg","caption":"Villa Petar Makarska"},"image":{"@id":"https://villapetar.com/#/schema/logo/image/"},"sameAs":["https://www.facebook.com/VillaPetarMakarska"]}]}</script>
<!-- / Yoast SEO plugin. -->

Fotogaléria nášho ubytovania, interiér i exteriér penziónu, centrum a pláže mesta Makarska, očarujúce okolie.
